{"id":8,"date":"2015-01-09T19:45:58","date_gmt":"2015-01-09T19:45:58","guid":{"rendered":"https:\/\/2015.buenosaires.wordcamp.org\/sponsors\/"},"modified":"2015-05-27T17:06:07","modified_gmt":"2015-05-27T17:06:07","slug":"sponsors","status":"publish","type":"page","link":"https:\/\/buenosaires.wordcamp.org\/2015\/sponsors\/","title":{"rendered":"Sponsors"},"content":{"rendered":"<p style=\"margin-top: 20px\">Ac\u00e1 pod\u00e9s ver la lista de sponsors que nos acompa\u00f1an y hacen posible este evento.<\/p>\n<hr style=\"margin-bottom: 15px\" \/>\n\n\t<div class=\"wcorg-sponsors\">\n\t\t\n\t\t\t<div class=\"wcorg-sponsor-level-gold\">\n\t\t\t\t<h2>Gold<\/h2>\n\n\t\t\t\t\n\t\t\t\t\t<div id=\"wcorg-sponsor-501\" class=\"wcorg-sponsor\">\n\t\t\t\t\t\t\t\t\t\t\t\t\t\t\t\t\t\t\t\t\t<h3>\n\t\t\t\t\t\t\t\t\tJetpack\t\t\t\t\t\t\t\t<\/h3>\n\t\t\t\t\t\t\t\t\t\t\t\t\t\n\t\t\t\t\t\t<div class=\"wcorg-sponsor-description\">\n\t\t\t\t\t\t\t\t\t\t\t\t\t\t\t<img loading=\"lazy\" decoding=\"async\" width=\"634\" height=\"110\" src=\"https:\/\/buenosaires.wordcamp.org\/2015\/files\/2015\/04\/jetpack-logo-horizontal-940x198-e1430164579141.png\" class=\"attachment-wcb-sponsor-logo-horizontal-2x size-wcb-sponsor-logo-horizontal-2x wp-post-image\" alt=\"Jetpack\" srcset=\"https:\/\/buenosaires.wordcamp.org\/2015\/files\/2015\/04\/jetpack-logo-horizontal-940x198-e1430164579141.png 634w, https:\/\/buenosaires.wordcamp.org\/2015\/files\/2015\/04\/jetpack-logo-horizontal-940x198-e1430164579141-300x52.png 300w, https:\/\/buenosaires.wordcamp.org\/2015\/files\/2015\/04\/jetpack-logo-horizontal-940x198-e1430164579141-500x87.png 500w, https:\/\/buenosaires.wordcamp.org\/2015\/files\/2015\/04\/jetpack-logo-horizontal-940x198-e1430164579141-624x108.png 624w\" sizes=\"auto, (max-width: 634px) 100vw, 634px\" \/>\t\t\t\t\t\t\t\n\t\t\t\t\t\t\t\t\t\t\t\t\t\t\t<p><a href=\"http:\/\/jetpack.me\/\" rel=\"nofollow\">Jetpack<\/a> puede impulsar el potencial de su sitio auto-alojado con una suite de las m\u00e1s poderosas caracter\u00edsticas de WordPress.com.<\/p>\n\t\t\t\t\t\t\t\t\t\t\t\t\t<\/div>\n\t\t\t\t\t<\/div><!-- #sponsor -->\n\t\t\t\t\n\t\t\t\t\t<div id=\"wcorg-sponsor-1345\" class=\"wcorg-sponsor\">\n\t\t\t\t\t\t\t\t\t\t\t\t\t\t\t\t\t\t\t\t\t<h3>\n\t\t\t\t\t\t\t\t\tIP360\t\t\t\t\t\t\t\t<\/h3>\n\t\t\t\t\t\t\t\t\t\t\t\t\t\n\t\t\t\t\t\t<div class=\"wcorg-sponsor-description\">\n\t\t\t\t\t\t\t\t\t\t\t\t\t\t\t<img loading=\"lazy\" decoding=\"async\" width=\"377\" height=\"116\" src=\"https:\/\/buenosaires.wordcamp.org\/2015\/files\/2015\/05\/logo-ip360.png\" class=\"attachment-wcb-sponsor-logo-horizontal-2x size-wcb-sponsor-logo-horizontal-2x wp-post-image\" alt=\"IP360\" srcset=\"https:\/\/buenosaires.wordcamp.org\/2015\/files\/2015\/05\/logo-ip360.png 377w, https:\/\/buenosaires.wordcamp.org\/2015\/files\/2015\/05\/logo-ip360-300x92.png 300w\" sizes=\"auto, (max-width: 377px) 100vw, 377px\" \/>\t\t\t\t\t\t\t\n\t\t\t\t\t\t\t\t\t\t\t\t\t\t\t<p><a href=\"http:\/\/infopublicas.com.ar\" rel=\"nofollow\">IP360<\/a> se encarga de brindar una gesti\u00f3n integral de la comunicaci\u00f3n digital de tu marca. Realiza tu sitio web, posiciona tu negocio y gestiona tu relaci\u00f3n con los usuarios. Con WordPress como plataforma, IP360 puede realizar un site institucional, pero tambi\u00e9n una tienda online para que puedas vender tus productos. <\/p>\n\t\t\t\t\t\t\t\t\t\t\t\t\t<\/div>\n\t\t\t\t\t<\/div><!-- #sponsor -->\n\t\t\t\t\n\t\t\t\t\t<div id=\"wcorg-sponsor-1357\" class=\"wcorg-sponsor\">\n\t\t\t\t\t\t\t\t\t\t\t\t\t\t\t\t\t\t\t\t\t<h3>\n\t\t\t\t\t\t\t\t\tPayU\t\t\t\t\t\t\t\t<\/h3>\n\t\t\t\t\t\t\t\t\t\t\t\t\t\n\t\t\t\t\t\t<div class=\"wcorg-sponsor-description\">\n\t\t\t\t\t\t\t\t\t\t\t\t\t\t\t<img loading=\"lazy\" decoding=\"async\" width=\"430\" height=\"227\" src=\"https:\/\/buenosaires.wordcamp.org\/2015\/files\/2015\/05\/logo-payu.png\" class=\"attachment-wcb-sponsor-logo-horizontal-2x size-wcb-sponsor-logo-horizontal-2x wp-post-image\" alt=\"PayU\" srcset=\"https:\/\/buenosaires.wordcamp.org\/2015\/files\/2015\/05\/logo-payu.png 430w, https:\/\/buenosaires.wordcamp.org\/2015\/files\/2015\/05\/logo-payu-300x158.png 300w\" sizes=\"auto, (max-width: 430px) 100vw, 430px\" \/>\t\t\t\t\t\t\t\n\t\t\t\t\t\t\t\t\t\t\t\t\t\t\t<p><a href=\"http:\/\/www.payu.com.ar\/\" rel=\"nofollow\">PayU<\/a> es un proveedor l\u00edder de servicios de pago en l\u00ednea, especializado en crear procesos de pago r\u00e1pidos y simples para comercios y compradores, con la m\u00e1xima seguridad anti fraude y m\u00e1s de 250 opciones de pago. Con presencia en 16 mercados de alto crecimiento en Asia, Europa Central y Este, Am\u00e9rica Latina y \u00c1frica; PayU es experto en ofrecer soluciones dise\u00f1adas para esos mercados, a sus m\u00e1s de 100.000 comercios y millones de compradores.<\/p>\n\t\t\t\t\t\t\t\t\t\t\t\t\t<\/div>\n\t\t\t\t\t<\/div><!-- #sponsor -->\n\t\t\t\t\t\t\t<\/div><!-- .wcorg-sponsor-level -->\n\t\t\n\t\t\t<div class=\"wcorg-sponsor-level-silver\">\n\t\t\t\t<h2>Silver<\/h2>\n\n\t\t\t\t\n\t\t\t\t\t<div id=\"wcorg-sponsor-20\" class=\"wcorg-sponsor\">\n\t\t\t\t\t\t\t\t\t\t\t\t\t\t\t\t\t\t\t\t\t<h3>\n\t\t\t\t\t\t\t\t\tBluehost\t\t\t\t\t\t\t\t<\/h3>\n\t\t\t\t\t\t\t\t\t\t\t\t\t\n\t\t\t\t\t\t<div class=\"wcorg-sponsor-description\">\n\t\t\t\t\t\t\t\t\t\t\t\t\t\t\t<img loading=\"lazy\" decoding=\"async\" width=\"867\" height=\"143\" src=\"https:\/\/buenosaires.wordcamp.org\/2015\/files\/2015\/01\/bluehost_logo-940x198-e1430164774314.png\" class=\"attachment-wcb-sponsor-logo-horizontal-2x size-wcb-sponsor-logo-horizontal-2x wp-post-image\" alt=\"Bluehost\" srcset=\"https:\/\/buenosaires.wordcamp.org\/2015\/files\/2015\/01\/bluehost_logo-940x198-e1430164774314.png 867w, https:\/\/buenosaires.wordcamp.org\/2015\/files\/2015\/01\/bluehost_logo-940x198-e1430164774314-300x49.png 300w, https:\/\/buenosaires.wordcamp.org\/2015\/files\/2015\/01\/bluehost_logo-940x198-e1430164774314-500x82.png 500w, https:\/\/buenosaires.wordcamp.org\/2015\/files\/2015\/01\/bluehost_logo-940x198-e1430164774314-624x103.png 624w\" sizes=\"auto, (max-width: 867px) 100vw, 867px\" \/>\t\t\t\t\t\t\t\n\t\t\t\t\t\t\t\t\t\t\t\t\t\t\t<p><a href=\"http:\/\/bluehost.com\/\" rel=\"nofollow\">Bluehost<\/a>\u00a0aloja m\u00e1s de un mill\u00f3n de sitios hechos con WordPress. Su objetivo es proveer servicios excepcionales de alojamiento y soporte al cliente por el mejor precio posible. Bluehost innova y mejora\u00a0sus servicios\u00a0e infraestructura de manera constante sin ning\u00fan costo adicional para sus clientes.<\/p>\n\t\t\t\t\t\t\t\t\t\t\t\t\t<\/div>\n\t\t\t\t\t<\/div><!-- #sponsor -->\n\t\t\t\t\t\t\t<\/div><!-- .wcorg-sponsor-level -->\n\t\t\n\t\t\t<div class=\"wcorg-sponsor-level-bronze\">\n\t\t\t\t<h2>Bronze<\/h2>\n\n\t\t\t\t\n\t\t\t\t\t<div id=\"wcorg-sponsor-19\" class=\"wcorg-sponsor\">\n\t\t\t\t\t\t\t\t\t\t\t\t\t\t\t\t\t\t\t\t\t<h3>\n\t\t\t\t\t\t\t\t\tWPML\t\t\t\t\t\t\t\t<\/h3>\n\t\t\t\t\t\t\t\t\t\t\t\t\t\n\t\t\t\t\t\t<div class=\"wcorg-sponsor-description\">\n\t\t\t\t\t\t\t\t\t\t\t\t\t\t\t<img loading=\"lazy\" decoding=\"async\" width=\"558\" height=\"141\" src=\"https:\/\/buenosaires.wordcamp.org\/2015\/files\/2015\/01\/wpml-transparent-e1430164679736.png\" class=\"attachment-wcb-sponsor-logo-horizontal-2x size-wcb-sponsor-logo-horizontal-2x wp-post-image\" alt=\"WPML\" srcset=\"https:\/\/buenosaires.wordcamp.org\/2015\/files\/2015\/01\/wpml-transparent-e1430164679736.png 558w, https:\/\/buenosaires.wordcamp.org\/2015\/files\/2015\/01\/wpml-transparent-e1430164679736-300x76.png 300w, https:\/\/buenosaires.wordcamp.org\/2015\/files\/2015\/01\/wpml-transparent-e1430164679736-500x126.png 500w\" sizes=\"auto, (max-width: 558px) 100vw, 558px\" \/>\t\t\t\t\t\t\t\n\t\t\t\t\t\t\t\t\t\t\t\t\t\t\t<p><a href=\"http:\/\/wpml.org\" rel=\"nofollow\">WPML<\/a> hace sitios WordPress multiling\u00fces. Funciona con plugins de caching, SEO y E-Commerce, y permite crear sitios multiling\u00fces completos. Ejecuta tanto blogs simples\u00a0como sitios comerciales y empresariales, y\u00a0permite a los usuarios traducir todo el contenido del sitio, as\u00ed como tambi\u00e9n men\u00faes,\u00a0widgets y texto de los diferentes temas y plugins. WPML ejecuta m\u00e1s de 400.000 sitios\u00a0comerciales de todo el mundo.<\/p>\n\t\t\t\t\t\t\t\t\t\t\t\t\t<\/div>\n\t\t\t\t\t<\/div><!-- #sponsor -->\n\t\t\t\t\n\t\t\t\t\t<div id=\"wcorg-sponsor-1179\" class=\"wcorg-sponsor\">\n\t\t\t\t\t\t\t\t\t\t\t\t\t\t\t\t\t\t\t\t\t<h3>\n\t\t\t\t\t\t\t\t\tIdeas Factory\t\t\t\t\t\t\t\t<\/h3>\n\t\t\t\t\t\t\t\t\t\t\t\t\t\n\t\t\t\t\t\t<div class=\"wcorg-sponsor-description\">\n\t\t\t\t\t\t\t\t\t\t\t\t\t\t\t<img loading=\"lazy\" decoding=\"async\" width=\"745\" height=\"273\" src=\"https:\/\/buenosaires.wordcamp.org\/2015\/files\/2015\/05\/logo_ideas-factory.png\" class=\"attachment-wcb-sponsor-logo-horizontal-2x size-wcb-sponsor-logo-horizontal-2x wp-post-image\" alt=\"Ideas Factory\" srcset=\"https:\/\/buenosaires.wordcamp.org\/2015\/files\/2015\/05\/logo_ideas-factory.png 745w, https:\/\/buenosaires.wordcamp.org\/2015\/files\/2015\/05\/logo_ideas-factory-300x110.png 300w, https:\/\/buenosaires.wordcamp.org\/2015\/files\/2015\/05\/logo_ideas-factory-500x183.png 500w, https:\/\/buenosaires.wordcamp.org\/2015\/files\/2015\/05\/logo_ideas-factory-624x229.png 624w\" sizes=\"auto, (max-width: 745px) 100vw, 745px\" \/>\t\t\t\t\t\t\t\n\t\t\t\t\t\t\t\t\t\t\t\t\t\t\t<p class=\"p1\"><span class=\"s1\"><a href=\"http:\/\/ifstudio.co\" rel=\"nofollow\">Ideas Factory<\/a> es un estudio de dise\u00f1o, desarrollo e implementaci\u00f3n web apasionado por WordPress. <\/span><span class=\"s1\">En constante evoluci\u00f3n, proveen themes, plugins, outsourcing y soporte de calidad tanto para clientes directos como para otras agencias de todo el mundo y con m\u00e1s de un centenar de proyectos en su portfolio.<\/span><\/p>\n\t\t\t\t\t\t\t\t\t\t\t\t\t<\/div>\n\t\t\t\t\t<\/div><!-- #sponsor -->\n\t\t\t\t\n\t\t\t\t\t<div id=\"wcorg-sponsor-1185\" class=\"wcorg-sponsor\">\n\t\t\t\t\t\t\t\t\t\t\t\t\t\t\t\t\t\t\t\t\t<h3>\n\t\t\t\t\t\t\t\t\tCoderHouse\t\t\t\t\t\t\t\t<\/h3>\n\t\t\t\t\t\t\t\t\t\t\t\t\t\n\t\t\t\t\t\t<div class=\"wcorg-sponsor-description\">\n\t\t\t\t\t\t\t\t\t\t\t\t\t\t\t<img loading=\"lazy\" decoding=\"async\" width=\"1000\" height=\"157\" src=\"https:\/\/buenosaires.wordcamp.org\/2015\/files\/2015\/05\/CH-logo-e1431537667877.png\" class=\"attachment-wcb-sponsor-logo-horizontal-2x size-wcb-sponsor-logo-horizontal-2x wp-post-image\" alt=\"CoderHouse\" srcset=\"https:\/\/buenosaires.wordcamp.org\/2015\/files\/2015\/05\/CH-logo-e1431537667877.png 1000w, https:\/\/buenosaires.wordcamp.org\/2015\/files\/2015\/05\/CH-logo-e1431537667877-300x47.png 300w, https:\/\/buenosaires.wordcamp.org\/2015\/files\/2015\/05\/CH-logo-e1431537667877-500x79.png 500w, https:\/\/buenosaires.wordcamp.org\/2015\/files\/2015\/05\/CH-logo-e1431537667877-624x98.png 624w\" sizes=\"auto, (max-width: 1000px) 100vw, 1000px\" \/>\t\t\t\t\t\t\t\n\t\t\t\t\t\t\t\t\t\t\t\t\t\t\t<p><a href=\"http:\/\/coderhouse.com\" rel=\"nofollow\">Coderhouse<\/a> es una escuela presencial y online que brinda cursos de programaci\u00f3n web, m\u00f3vil, ux y marketing online con el objetivo de llevar a cualquier persona de cero experiencia a listo para trabajar en tan s\u00f3lo 10-12 semanas intensivas. Nuestra metodolog\u00eda se basa en la pr\u00e1ctica constante mediante proyectos de clientes reales y profesores expertos.<\/p>\n\t\t\t\t\t\t\t\t\t\t\t\t\t<\/div>\n\t\t\t\t\t<\/div><!-- #sponsor -->\n\t\t\t\t\n\t\t\t\t\t<div id=\"wcorg-sponsor-1390\" class=\"wcorg-sponsor\">\n\t\t\t\t\t\t\t\t\t\t\t\t\t\t\t\t\t\t\t\t\t<h3>\n\t\t\t\t\t\t\t\t\tKinsta\t\t\t\t\t\t\t\t<\/h3>\n\t\t\t\t\t\t\t\t\t\t\t\t\t\n\t\t\t\t\t\t<div class=\"wcorg-sponsor-description\">\n\t\t\t\t\t\t\t\t\t\t\t\t\t\t\t<img loading=\"lazy\" decoding=\"async\" width=\"1000\" height=\"198\" src=\"https:\/\/buenosaires.wordcamp.org\/2015\/files\/2015\/05\/kinsta_logo_dark.png\" class=\"attachment-wcb-sponsor-logo-horizontal-2x size-wcb-sponsor-logo-horizontal-2x wp-post-image\" alt=\"Kinsta\" srcset=\"https:\/\/buenosaires.wordcamp.org\/2015\/files\/2015\/05\/kinsta_logo_dark.png 1000w, https:\/\/buenosaires.wordcamp.org\/2015\/files\/2015\/05\/kinsta_logo_dark-300x59.png 300w, https:\/\/buenosaires.wordcamp.org\/2015\/files\/2015\/05\/kinsta_logo_dark-500x99.png 500w, https:\/\/buenosaires.wordcamp.org\/2015\/files\/2015\/05\/kinsta_logo_dark-624x124.png 624w\" sizes=\"auto, (max-width: 1000px) 100vw, 1000px\" \/>\t\t\t\t\t\t\t\n\t\t\t\t\t\t\t\t\t\t\t\t\t\t\t<p><a href=\"http:\/\/kinsta.com\" rel=\"nofollow\">Kinsta<\/a> provides managed hosting services for WordPress based online business from all around the world. We provide the cutting edge technology so you can focus on the core of your business!<\/p>\n\t\t\t\t\t\t\t\t\t\t\t\t\t<\/div>\n\t\t\t\t\t<\/div><!-- #sponsor -->\n\t\t\t\t\t\t\t<\/div><!-- .wcorg-sponsor-level -->\n\t\t\n\t\t\t<div class=\"wcorg-sponsor-level-partner\">\n\t\t\t\t<h2>Partner<\/h2>\n\n\t\t\t\t\n\t\t\t\t\t<div id=\"wcorg-sponsor-763\" class=\"wcorg-sponsor\">\n\t\t\t\t\t\t\t\t\t\t\t\t\t\t\t\t\t\t\t\t\t<h3>\n\t\t\t\t\t\t\t\t\tLaboratorio de Gobierno\t\t\t\t\t\t\t\t<\/h3>\n\t\t\t\t\t\t\t\t\t\t\t\t\t\n\t\t\t\t\t\t<div class=\"wcorg-sponsor-description\">\n\t\t\t\t\t\t\t\t\t\t\t\t\t\t\t<img loading=\"lazy\" decoding=\"async\" width=\"538\" height=\"141\" src=\"https:\/\/buenosaires.wordcamp.org\/2015\/files\/2015\/04\/labgcba-e1430164727647.png\" class=\"attachment-wcb-sponsor-logo-horizontal-2x size-wcb-sponsor-logo-horizontal-2x wp-post-image\" alt=\"Laboratorio de Gobierno\" srcset=\"https:\/\/buenosaires.wordcamp.org\/2015\/files\/2015\/04\/labgcba-e1430164727647.png 538w, https:\/\/buenosaires.wordcamp.org\/2015\/files\/2015\/04\/labgcba-e1430164727647-300x79.png 300w, https:\/\/buenosaires.wordcamp.org\/2015\/files\/2015\/04\/labgcba-e1430164727647-500x131.png 500w\" sizes=\"auto, (max-width: 538px) 100vw, 538px\" \/>\t\t\t\t\t\t\t\n\t\t\t\t\t\t\t\t\t\t\t\t\t\t\t<p>El <a href=\"http:\/\/www.buenosaires.gob.ar\/modernizacion\/gobiernoabierto\" rel=\"nofollow\">Laboratorio de Gobierno<\/a> es un espacio de innovaci\u00f3n abierta para conectar equipos, acelerar ideas e incubar proyectos innovadores &#8211;\u00a0Gobierno de la Ciudad de Buenos Aires.<\/p>\n\t\t\t\t\t\t\t\t\t\t\t\t\t<\/div>\n\t\t\t\t\t<\/div><!-- #sponsor -->\n\t\t\t\t\t\t\t<\/div><!-- .wcorg-sponsor-level -->\n\t\t\n\t\t\t<div class=\"wcorg-sponsor-level-community\">\n\t\t\t\t<h2>Community<\/h2>\n\n\t\t\t\t\n\t\t\t\t\t<div id=\"wcorg-sponsor-760\" class=\"wcorg-sponsor\">\n\t\t\t\t\t\t\t\t\t\t\t\t\t\t\t\t\t\t\t\t\t<h3>\n\t\t\t\t\t\t\t\t\tDuplika\t\t\t\t\t\t\t\t<\/h3>\n\t\t\t\t\t\t\t\t\t\t\t\t\t\n\t\t\t\t\t\t<div class=\"wcorg-sponsor-description\">\n\t\t\t\t\t\t\t\t\t\t\t\t\t\t\t<img loading=\"lazy\" decoding=\"async\" width=\"284\" height=\"87\" src=\"https:\/\/buenosaires.wordcamp.org\/2015\/files\/2015\/04\/duplika-e1430164482262.png\" class=\"attachment-wcb-sponsor-logo-horizontal-2x size-wcb-sponsor-logo-horizontal-2x wp-post-image\" alt=\"Duplika\" \/>\t\t\t\t\t\t\t\n\t\t\t\t\t\t\t\t\t\t\t\t\t\t\t<p><a href=\"https:\/\/www.duplika.com\/\" rel=\"nofollow\">Duplika<\/a> ofrece web hosting premium para personas y empresas. Potencia miles de sitios personales, blogs, foros y grandes portales de todo el mundo, y cuenta con m\u00e1s de 4000 empresas entre sus clientes.<\/p>\n\t\t\t\t\t\t\t\t\t\t\t\t\t<\/div>\n\t\t\t\t\t<\/div><!-- #sponsor -->\n\t\t\t\t\n\t\t\t\t\t<div id=\"wcorg-sponsor-1174\" class=\"wcorg-sponsor\">\n\t\t\t\t\t\t\t\t\t\t\t\t\t\t\t\t\t\t\t\t\t<h3>\n\t\t\t\t\t\t\t\t\tMango\t\t\t\t\t\t\t\t<\/h3>\n\t\t\t\t\t\t\t\t\t\t\t\t\t\n\t\t\t\t\t\t<div class=\"wcorg-sponsor-description\">\n\t\t\t\t\t\t\t\t\t\t\t\t\t\t\t<img loading=\"lazy\" decoding=\"async\" width=\"960\" height=\"312\" src=\"https:\/\/buenosaires.wordcamp.org\/2015\/files\/2015\/05\/logo-Mango-e1431537766305.png\" class=\"attachment-wcb-sponsor-logo-horizontal-2x size-wcb-sponsor-logo-horizontal-2x wp-post-image\" alt=\"Mango\" srcset=\"https:\/\/buenosaires.wordcamp.org\/2015\/files\/2015\/05\/logo-Mango-e1431537766305.png 960w, https:\/\/buenosaires.wordcamp.org\/2015\/files\/2015\/05\/logo-Mango-e1431537766305-300x98.png 300w, https:\/\/buenosaires.wordcamp.org\/2015\/files\/2015\/05\/logo-Mango-e1431537766305-500x163.png 500w, https:\/\/buenosaires.wordcamp.org\/2015\/files\/2015\/05\/logo-Mango-e1431537766305-624x203.png 624w\" sizes=\"auto, (max-width: 960px) 100vw, 960px\" \/>\t\t\t\t\t\t\t\n\t\t\t\t\t\t\t\t\t\t\t\t\t\t\t<p><a href=\"https:\/\/getmango.com\/\" rel=\"nofollow\">Mango<\/a> provee un set de soluciones espec\u00edficamente pensadas para quienes administran comercios, ONGs, entidades gubernamentales y organizaciones con m\u00faltiples necesidades a la hora de aceptar pagos.<\/p>\n\t\t\t\t\t\t\t\t\t\t\t\t\t<\/div>\n\t\t\t\t\t<\/div><!-- #sponsor -->\n\t\t\t\t\n\t\t\t\t\t<div id=\"wcorg-sponsor-1182\" class=\"wcorg-sponsor\">\n\t\t\t\t\t\t\t\t\t\t\t\t\t\t\t\t\t\t\t\t\t<h3>\n\t\t\t\t\t\t\t\t\tNutHost\t\t\t\t\t\t\t\t<\/h3>\n\t\t\t\t\t\t\t\t\t\t\t\t\t\n\t\t\t\t\t\t<div class=\"wcorg-sponsor-description\">\n\t\t\t\t\t\t\t\t\t\t\t\t\t\t\t<img loading=\"lazy\" decoding=\"async\" width=\"400\" height=\"251\" src=\"https:\/\/buenosaires.wordcamp.org\/2015\/files\/2015\/05\/nuthost-logo-e1431537844444.png\" class=\"attachment-wcb-sponsor-logo-horizontal-2x size-wcb-sponsor-logo-horizontal-2x wp-post-image\" alt=\"NutHost\" \/>\t\t\t\t\t\t\t\n\t\t\t\t\t\t\t\t\t\t\t\t\t\t\t<p><a href=\"http:\/\/nuthost.com\" rel=\"nofollow\">NUTHOST<\/a> es una empresa l\u00edder con mas de 12 a\u00f1os en el mercado de servicios tecnol\u00f3gicos. Actualmente aloja m\u00e1s de 45.000 sitios web en sus servicios de Web Hosting Compartido y Premium. Partners de cPanel y miembros de la Camara Argentina de Comercio Electr\u00f3nico.<\/p>\n\t\t\t\t\t\t\t\t\t\t\t\t\t<\/div>\n\t\t\t\t\t<\/div><!-- #sponsor -->\n\t\t\t\t\n\t\t\t\t\t<div id=\"wcorg-sponsor-1327\" class=\"wcorg-sponsor\">\n\t\t\t\t\t\t\t\t\t\t\t\t\t\t\t\t\t\t\t\t\t<h3>\n\t\t\t\t\t\t\t\t\t3Nodos\t\t\t\t\t\t\t\t<\/h3>\n\t\t\t\t\t\t\t\t\t\t\t\t\t\n\t\t\t\t\t\t<div class=\"wcorg-sponsor-description\">\n\t\t\t\t\t\t\t\t\t\t\t\t\t\t\t<img loading=\"lazy\" decoding=\"async\" width=\"196\" height=\"91\" src=\"https:\/\/buenosaires.wordcamp.org\/2015\/files\/2015\/05\/logo_3nodos.png\" class=\"attachment-wcb-sponsor-logo-horizontal-2x size-wcb-sponsor-logo-horizontal-2x wp-post-image\" alt=\"3Nodos\" \/>\t\t\t\t\t\t\t\n\t\t\t\t\t\t\t\t\t\t\t\t\t\t\t<p><a href=\"http:\/\/www.3nodos.com.ar\/\" rel=\"nofollow\">3nodos<\/a> se especializa en Soluciones Web desarrolladas sobre WordPress. En constante innovaci\u00f3n y con m\u00e1s de 10 a\u00f1os de experiencia en el mercado tanto local como en el exterior, dise\u00f1amos y desarrollamos sitios autoadministrables, themes, plugins, outsourcing y soporte de calidad.<\/p>\n\t\t\t\t\t\t\t\t\t\t\t\t\t<\/div>\n\t\t\t\t\t<\/div><!-- #sponsor -->\n\t\t\t\t\n\t\t\t\t\t<div id=\"wcorg-sponsor-1484\" class=\"wcorg-sponsor\">\n\t\t\t\t\t\t\t\t\t\t\t\t\t\t\t\t\t\t\t\t\t<h3>\n\t\t\t\t\t\t\t\t\tBroobe\t\t\t\t\t\t\t\t<\/h3>\n\t\t\t\t\t\t\t\t\t\t\t\t\t\n\t\t\t\t\t\t<div class=\"wcorg-sponsor-description\">\n\t\t\t\t\t\t\t\t\t\t\t\t\t\t\t<img loading=\"lazy\" decoding=\"async\" width=\"3546\" height=\"1313\" src=\"https:\/\/buenosaires.wordcamp.org\/2015\/files\/2015\/05\/logo-broobe-transparente-011.png\" class=\"attachment-wcb-sponsor-logo-horizontal-2x size-wcb-sponsor-logo-horizontal-2x wp-post-image\" alt=\"Broobe\" srcset=\"https:\/\/buenosaires.wordcamp.org\/2015\/files\/2015\/05\/logo-broobe-transparente-011.png 3546w, https:\/\/buenosaires.wordcamp.org\/2015\/files\/2015\/05\/logo-broobe-transparente-011-300x111.png 300w, https:\/\/buenosaires.wordcamp.org\/2015\/files\/2015\/05\/logo-broobe-transparente-011-1024x379.png 1024w, https:\/\/buenosaires.wordcamp.org\/2015\/files\/2015\/05\/logo-broobe-transparente-011-500x185.png 500w, https:\/\/buenosaires.wordcamp.org\/2015\/files\/2015\/05\/logo-broobe-transparente-011-624x231.png 624w\" sizes=\"auto, (max-width: 3546px) 100vw, 3546px\" \/>\t\t\t\t\t\t\t\n\t\t\t\t\t\t\t\t\t\t\t\t\t\t\t<p><a href=\"http:\/\/broobe.com\" rel=\"nofollow\">Broobe<\/a> es una agencia digital que provee servicios web como desarrollo de sitios y aplicaciones, marketing online, mantenimiento de servidores y consultoria. Amantes de WordPress, colaboramos con la comunidad ofreciendo plugins gratuitos.<\/p>\n\t\t\t\t\t\t\t\t\t\t\t\t\t<\/div>\n\t\t\t\t\t<\/div><!-- #sponsor -->\n\t\t\t\t\t\t\t<\/div><!-- .wcorg-sponsor-level -->\n\t\t\t<\/div><!-- .wcorg-sponsors -->\n\n\t\n<h2>Microsponsors<\/h2>\n<p>Queremos hacer una menci\u00f3n especial y agradecer a nuestros microsponsors<\/p>\n<ul>\n<li><a href=\"http:\/\/gleepa.com\" target=\"_blank\" rel=\"nofollow\">Diego Maslo<\/a> &#8211; <a href=\"http:\/\/twitter.com\/gleepa\" target=\"_blank\" rel=\"nofollow\">@gleepa<\/a><\/li>\n<li><a href=\"https:\/\/pagely.com\" target=\"_blank\" rel=\"nofollow\">Sean Obrien<\/a> &#8211; <a href=\"http:\/\/twitter.com\/pagely\" target=\"_blank\" rel=\"nofollow\">@pagely<\/a><\/li>\n<li><a href=\"http:\/\/www.elephantstudio.com.ar\" target=\"_blank\" rel=\"nofollow\">Mar\u00eda Laura Marenzi<\/a> &#8211; <a href=\"http:\/\/www.elephantstudio.com.ar\" target=\"_blank\" rel=\"nofollow\">Elephant &#8211; Dise\u00f1o &amp; Comunicaci\u00f3n<\/a><\/li>\n<li><a href=\"http:\/\/www.quarterstudios.net\" target=\"_blank\" rel=\"nofollow\">Juan Pablo Jimenez<\/a> &#8211; <a href=\"http:\/\/www.quarterstudios.net\" target=\"_blank\" rel=\"nofollow\">@quarterstudios<\/a><\/li>\n<li><a href=\"http:\/\/caribdis.com.ar\/\" target=\"_blank\" rel=\"nofollow\">Ana Ayel\u00e9n Mart\u00ednez<\/a> &#8211; <a href=\"http:\/\/caribdis.com.ar\/\" target=\"_blank\" rel=\"nofollow\">@caribdisweb<\/a><\/li>\n<li><a href=\"http:\/\/www.lunestudio.com.ar\" target=\"_blank\" rel=\"nofollow\">Lucio Negrello<\/a> &#8211; <a href=\"http:\/\/twitter.com\/oklunestudio\" target=\"_blank\" rel=\"nofollow\">@oklunestudio<\/a><\/li>\n<li><a href=\"http:\/\/agenciabrandi.com\/\" target=\"_blank\" rel=\"nofollow\">Natalio Garbus<\/a> &#8211; <a href=\"http:\/\/twitter.com\/nataliogarbus\" target=\"_blank\" rel=\"nofollow\">@nataliogarbus<\/a><\/li>\n<\/ul>\n<p>&nbsp;<\/p>\n","protected":false},"excerpt":{"rendered":"<p>Ac\u00e1 pod\u00e9s ver la lista de sponsors que nos acompa\u00f1an y hacen posible este evento. Microsponsors Queremos hacer una menci\u00f3n especial y agradecer a nuestros microsponsors Diego Maslo &#8211; @gleepa Sean Obrien &#8211; @pagely Mar\u00eda Laura Marenzi &#8211; Elephant &#8211; Dise\u00f1o &amp; Comunicaci\u00f3n Juan Pablo Jimenez &#8211; @quarterstudios Ana Ayel\u00e9n Mart\u00ednez &#8211; @caribdisweb Lucio Negrello [&hellip;]<\/p>\n","protected":false},"author":9542367,"featured_media":0,"parent":0,"menu_order":0,"comment_status":"open","ping_status":"open","template":"page-templates\/full-width.php","meta":{"jetpack_post_was_ever_published":false,"footnotes":""},"class_list":["post-8","page","type-page","status-publish","hentry"],"jetpack_sharing_enabled":true,"jetpack_shortlink":"https:\/\/wp.me\/P5BkXR-8","_links":{"self":[{"href":"https:\/\/buenosaires.wordcamp.org\/2015\/wp-json\/wp\/v2\/pages\/8","targetHints":{"allow":["GET"]}}],"collection":[{"href":"https:\/\/buenosaires.wordcamp.org\/2015\/wp-json\/wp\/v2\/pages"}],"about":[{"href":"https:\/\/buenosaires.wordcamp.org\/2015\/wp-json\/wp\/v2\/types\/page"}],"author":[{"embeddable":true,"href":"https:\/\/buenosaires.wordcamp.org\/2015\/wp-json\/wp\/v2\/users\/9542367"}],"replies":[{"embeddable":true,"href":"https:\/\/buenosaires.wordcamp.org\/2015\/wp-json\/wp\/v2\/comments?post=8"}],"version-history":[{"count":35,"href":"https:\/\/buenosaires.wordcamp.org\/2015\/wp-json\/wp\/v2\/pages\/8\/revisions"}],"predecessor-version":[{"id":356,"href":"https:\/\/buenosaires.wordcamp.org\/2015\/wp-json\/wp\/v2\/pages\/8\/revisions\/356"}],"wp:attachment":[{"href":"https:\/\/buenosaires.wordcamp.org\/2015\/wp-json\/wp\/v2\/media?parent=8"}],"curies":[{"name":"wp","href":"https:\/\/api.w.org\/{rel}","templated":true}]}}