{"id":241,"date":"2017-05-22T14:04:46","date_gmt":"2017-05-22T14:04:46","guid":{"rendered":"https:\/\/2017.buenosaires.wordcamp.org\/?page_id=241"},"modified":"2017-05-30T22:20:47","modified_gmt":"2017-05-30T22:20:47","slug":"codigo-de-conducta","status":"publish","type":"page","link":"https:\/\/buenosaires.wordcamp.org\/2017\/codigo-de-conducta\/","title":{"rendered":"C\u00f3digo de Conducta"},"content":{"rendered":"<div class=\"page-regular\">\n<div class=\"wrapper\">\n<h2>1. Prop\u00f3sito<\/h2>\n<p>WordCamp Buenos Aires cree en una comunidad abierta a todo el mundo. Como tal, estamos comprometidos a proporcionar un ambiente amigable, seguro y acogedor para todos independientemente de su sexo, orientaci\u00f3n e identidad sexual, discapacidad, etnia, religi\u00f3n, sistema operativo preferido, lenguaje de programaci\u00f3n o editor de texto.<\/p>\n<p>Este c\u00f3digo de conducta resume nuestras expectativas para el comportamiento de los participantes, as\u00ed como las consecuencias para el comportamiento inaceptable.<\/p>\n<p>Instamos a todos los patrocinadores, voluntarios, conferencistas, asistentes y otros participantes para ayudar a tener una experiencia de evento segura y agradable para todos.<\/p>\n<h2>2. Open Source Citizenship<\/h2>\n<p>Un objetivo adicional de este c\u00f3digo de conducta es incrementar la ciudadan\u00eda de c\u00f3digo abierto alentando a los participantes a reconocer y fortalecer las relaciones entre lo que hacemos y la comunidad en general.<\/p>\n<p>En el servicio de este objetivo, los organizadores de WordCamp Buenos Aires recoger\u00e1n candidaturas de ciudadanos ejemplares a lo largo de todo el evento y reconocer\u00e1n selectos participantes despu\u00e9s de la conferencia en el sitio web.<\/p>\n<p>Si ves a alguien que est\u00e1 haciendo un esfuerzo extra para asegurar que nuestra comunidad resulte acogedora, amable, y que anima a todos los participantes a contribuir en la mayor medida posible, lo queremos saber.<\/p>\n<p>Pod\u00e9s nominar a alguien en la mesa de registro o comunic\u00e1ndoselo a alg\u00fan miembro de la organizaci\u00f3n.<\/p>\n<h2>3. Comportamiento esperado<\/h2>\n<ul>\n<li>Ser considerado, respetuoso y colaborativo.<\/li>\n<li>Abstenerse de comportamiento degradante, discriminatorio, hostil y\/o amenazante, as\u00ed como tambi\u00e9n del acoso f\u00edsico y\/o verbal.<\/li>\n<li>Ser consciente del entorno y de los dem\u00e1s participantes. Alert\u00e1 a los organizadores si observ\u00e1s una situaci\u00f3n peligrosa o alguien en apuros.<\/li>\n<li>Particip\u00e1 de una manera aut\u00e9ntica y activa. Al hacerlo, est\u00e1s ayudando a que WordCamp Buenos Aires sea una realidad.<\/li>\n<\/ul>\n<h2>4. Comportamiento inaceptable<\/h2>\n<p>Como comportamientos inaceptables se incluyen: intimidaci\u00f3n, acoso, abuso, y conductas hostiles, discriminatorias, despectivas o degradantes hacia cualquier participante de WordCamp Buenos Aires y eventos relacionados. El lugar donde se realiza WordCamp Buenos Aires es un lugar de trabajo para muchas personas y puede ser compartido con otros visitantes ajenos al evento; por favor, s\u00e9 respetuoso con todos los visitantes de este lugar y con el propio entorno.<\/p>\n<p>El acoso incluye: comentarios verbales ofensivos relacionados con el g\u00e9nero, la orientaci\u00f3n y\/o identidad sexual, la etnia, la religi\u00f3n, la discapacidad; uso inadecuado de desnudez y\/o im\u00e1genes sexuales en espacios p\u00fablicos (incluyendo diapositivas de la presentaci\u00f3n); intimidaci\u00f3n deliberada, acecho o acoso por medio de fotograf\u00eda o grabaci\u00f3n; interrupci\u00f3n sostenida de charlas y otros eventos; contacto f\u00edsico inapropiado y atenci\u00f3n sexual no deseada.<\/p>\n<h2>5. Consecuencias de un comportamiento inaceptable<\/h2>\n<p>El comportamiento inaceptable no ser\u00e1 tolerado, ya sea por parte de los asistentes, organizadores, oradores, personal local, patrocinadores u otros participantes de WordCamp Buenos Aires.<\/p>\n<p>Se espera que cualquier participante del evento cumpla inmediatamente en caso de que se le llame a la atenci\u00f3n por un comportamiento inaceptable.<\/p>\n<p>Si un participante se involucra en una conducta inaceptable, los organizadores de la conferencia pueden tomar cualquier acci\u00f3n que consideren apropiada, incluyendo la expulsi\u00f3n de la conferencia sin previo aviso o reembolso.<\/p>\n<h2>6. \u00bfQu\u00e9 hacer si sos testigo u objeto de un comportamiento inaceptable?<\/h2>\n<p>Si est\u00e1s sufriendo un comportamiento inaceptable, sos testigo de otra persona con dicho comportamiento o ten\u00e9s otras preocupaciones, por favor notificalo a un organizador del evento tan pronto como sea posible.<\/p>\n<p>El equipo de WordCamp Buenos Aires est\u00e1 disponible para contactar y ayudar a los participantes a contactarse con efectivos de seguridad local o para ofrecer cualquier tipo de ayuda a aquellos que experimenten un comportamiento inaceptable.<\/p>\n<p>Durante el evento, los organizadores y voluntarios visten diferente del resto de los asistentes para facilitar su identificaci\u00f3n. Cualquier voluntario puede ponerte en contacto con un organizador. Tambi\u00e9n pod\u00e9s acercarte a la mesa de inscripci\u00f3n y preguntar por los organizadores.<\/p>\n<h2>7. \u00c1mbito de aplicaci\u00f3n<\/h2>\n<p>Esperamos que todos los participantes del evento (patrocinadores, voluntarios, oradores, asistentes y otros invitados) cumplan con el c\u00f3digo de conducta en todas las salas de conferencias y eventos relacionados con el WordCamp.<\/p>\n<h2>8. Informaci\u00f3n de contacto<\/h2>\n<p>Si necesit\u00e1s contactarte con nosotros antes o despu\u00e9s del evento, <a href=\"https:\/\/2017.buenosaires.wordcamp.org\/contacto\/\">esta p\u00e1gina<\/a> tiene toda la informaci\u00f3n necesaria.<\/p>\n<h2>9. Licencia y atribuci\u00f3n<\/h2>\n<p>Este C\u00f3digo de Conducta es una copia directa del impresionante trabajo del Open Source Bridge, pero traducido al espa\u00f1ol de Argentina y modificado con informaci\u00f3n propia de WordCamp Buenos Aires 2017. El original est\u00e1 disponible en <a href=\"http:\/\/opensourcebridge.org\/about\/code-of-conduct\/\">http:\/\/opensourcebridge.org\/about\/code-of-conduct\/<\/a> y est\u00e1 liberado bajo una Licencia de Creative Commons Attribution-ShareAlike.<\/p>\n<\/div>\n<\/div>\n","protected":false},"excerpt":{"rendered":"<p>1. Prop\u00f3sito WordCamp Buenos Aires cree en una comunidad abierta a todo el mundo. Como tal, estamos comprometidos a proporcionar un ambiente amigable, seguro y acogedor para todos independientemente de su sexo, orientaci\u00f3n e identidad sexual, discapacidad, etnia, religi\u00f3n, sistema operativo preferido, lenguaje de programaci\u00f3n o editor de texto. Este c\u00f3digo de conducta resume nuestras &hellip; <\/p>\n<p class=\"link-more\"><a href=\"https:\/\/buenosaires.wordcamp.org\/2017\/codigo-de-conducta\/\" class=\"more-link\">Continuar leyendo<span class=\"screen-reader-text\"> \u00abC\u00f3digo de Conducta\u00bb<\/span><\/a><\/p>\n","protected":false},"author":7443382,"featured_media":0,"parent":0,"menu_order":0,"comment_status":"closed","ping_status":"closed","template":"","meta":{"jetpack_post_was_ever_published":false,"footnotes":""},"class_list":["post-241","page","type-page","status-publish","hentry"],"jetpack_sharing_enabled":true,"jetpack_shortlink":"https:\/\/wp.me\/P88QxZ-3T","_links":{"self":[{"href":"https:\/\/buenosaires.wordcamp.org\/2017\/wp-json\/wp\/v2\/pages\/241","targetHints":{"allow":["GET"]}}],"collection":[{"href":"https:\/\/buenosaires.wordcamp.org\/2017\/wp-json\/wp\/v2\/pages"}],"about":[{"href":"https:\/\/buenosaires.wordcamp.org\/2017\/wp-json\/wp\/v2\/types\/page"}],"author":[{"embeddable":true,"href":"https:\/\/buenosaires.wordcamp.org\/2017\/wp-json\/wp\/v2\/users\/7443382"}],"replies":[{"embeddable":true,"href":"https:\/\/buenosaires.wordcamp.org\/2017\/wp-json\/wp\/v2\/comments?post=241"}],"version-history":[{"count":2,"href":"https:\/\/buenosaires.wordcamp.org\/2017\/wp-json\/wp\/v2\/pages\/241\/revisions"}],"predecessor-version":[{"id":314,"href":"https:\/\/buenosaires.wordcamp.org\/2017\/wp-json\/wp\/v2\/pages\/241\/revisions\/314"}],"wp:attachment":[{"href":"https:\/\/buenosaires.wordcamp.org\/2017\/wp-json\/wp\/v2\/media?parent=241"}],"curies":[{"name":"wp","href":"https:\/\/api.w.org\/{rel}","templated":true}]}}